{"id":38,"date":"2022-11-18T13:56:44","date_gmt":"2022-11-18T13:56:44","guid":{"rendered":"https:\/\/montanhasprismas.com\/?page_id=38"},"modified":"2022-11-23T12:37:22","modified_gmt":"2022-11-23T12:37:22","slug":"contact","status":"publish","type":"page","link":"https:\/\/montanhasprismas.com\/?page_id=38","title":{"rendered":"CONTACT"},"content":{"rendered":"\t\t<div data-elementor-type=\"wp-page\" data-elementor-id=\"38\" class=\"elementor elementor-38\" data-elementor-post-type=\"page\">\n\t\t\t\t\t\t\t\t\t<section class=\"elementor-section elementor-top-section elementor-element elementor-element-31d0ef6 elementor-section-boxed elementor-section-height-default elementor-section-height-default\" data-id=\"31d0ef6\" data-element_type=\"section\">\n\t\t\t\t\t\t<div class=\"elementor-container elementor-column-gap-default\">\n\t\t\t\t\t<div class=\"elementor-column elementor-col-100 elementor-top-column elementor-element elementor-element-65ae8c5\" data-id=\"65ae8c5\" data-element_type=\"column\">\n\t\t\t<div class=\"elementor-widget-wrap elementor-element-populated\">\n\t\t\t\t\t\t\t\t<div class=\"elementor-element elementor-element-1691124 elementor-widget elementor-widget-wpforms\" data-id=\"1691124\" data-element_type=\"widget\" data-widget_type=\"wpforms.default\">\n\t\t\t\t<div class=\"elementor-widget-container\">\n\t\t\t<div class=\"wpforms-container wpforms-container-full\" id=\"wpforms-142\"><form id=\"wpforms-form-142\" class=\"wpforms-validate wpforms-form wpforms-ajax-form\" data-formid=\"142\" method=\"post\" enctype=\"multipart\/form-data\" action=\"\/index.php?rest_route=%2Fwp%2Fv2%2Fpages%2F38\" data-token=\"574269ce5c1464bdc2d1e1e90fe16e0c\"><noscript class=\"wpforms-error-noscript\">Veuillez activer JavaScript dans votre navigateur pour remplir ce formulaire.<\/noscript><div class=\"wpforms-field-container\"><div id=\"wpforms-142-field_0-container\" class=\"wpforms-field wpforms-field-name\" data-field-id=\"0\"><label class=\"wpforms-field-label\" for=\"wpforms-142-field_0\">Nom \/ Name <span class=\"wpforms-required-label\">*<\/span><\/label><div class=\"wpforms-field-row wpforms-field-medium\"><div class=\"wpforms-field-row-block wpforms-first wpforms-one-half\"><input type=\"text\" id=\"wpforms-142-field_0\" class=\"wpforms-field-name-first wpforms-field-required\" name=\"wpforms[fields][0][first]\" required><label for=\"wpforms-142-field_0\" class=\"wpforms-field-sublabel after \">Pr\u00e9nom<\/label><\/div><div class=\"wpforms-field-row-block wpforms-one-half\"><input type=\"text\" id=\"wpforms-142-field_0-last\" class=\"wpforms-field-name-last wpforms-field-required\" name=\"wpforms[fields][0][last]\" required><label for=\"wpforms-142-field_0-last\" class=\"wpforms-field-sublabel after \">Nom<\/label><\/div><\/div><\/div><div id=\"wpforms-142-field_5-container\" class=\"wpforms-field wpforms-field-text\" data-field-id=\"5\"><label class=\"wpforms-field-label\" for=\"wpforms-142-field_5\">Adresse \/ Address<\/label><input type=\"text\" id=\"wpforms-142-field_5\" class=\"wpforms-field-medium\" name=\"wpforms[fields][5]\" ><\/div><div id=\"wpforms-142-field_4-container\" class=\"wpforms-field wpforms-field-text\" data-field-id=\"4\"><label class=\"wpforms-field-label\" for=\"wpforms-142-field_4\">Soci\u00e9t\u00e9 \/ Company<\/label><input type=\"text\" id=\"wpforms-142-field_4\" class=\"wpforms-field-medium\" name=\"wpforms[fields][4]\" ><\/div><div id=\"wpforms-142-field_3-container\" class=\"wpforms-field wpforms-field-text\" data-field-id=\"3\"><label class=\"wpforms-field-label\" for=\"wpforms-142-field_3\">T\u00e9l\u00e9phone \/ Phone<\/label><input type=\"text\" id=\"wpforms-142-field_3\" class=\"wpforms-field-medium\" name=\"wpforms[fields][3]\" ><\/div><div id=\"wpforms-142-field_1-container\" class=\"wpforms-field wpforms-field-email\" data-field-id=\"1\"><label class=\"wpforms-field-label\" for=\"wpforms-142-field_1\">E-mail <span class=\"wpforms-required-label\">*<\/span><\/label><input type=\"email\" id=\"wpforms-142-field_1\" class=\"wpforms-field-medium wpforms-field-required\" name=\"wpforms[fields][1]\" required><\/div><div id=\"wpforms-142-field_6-container\" class=\"wpforms-field wpforms-field-radio\" data-field-id=\"6\"><label class=\"wpforms-field-label\" for=\"wpforms-142-field_6\">Vous avez un projet ? You have a project ?<\/label><ul id=\"wpforms-142-field_6\"><li class=\"choice-1 depth-1\"><input type=\"radio\" id=\"wpforms-142-field_6_1\" name=\"wpforms[fields][6]\" value=\"Oui\"  ><label class=\"wpforms-field-label-inline\" for=\"wpforms-142-field_6_1\">Oui<\/label><\/li><li class=\"choice-2 depth-1\"><input type=\"radio\" id=\"wpforms-142-field_6_2\" name=\"wpforms[fields][6]\" value=\"Non\"  ><label class=\"wpforms-field-label-inline\" for=\"wpforms-142-field_6_2\">Non<\/label><\/li><\/ul><\/div><div id=\"wpforms-142-field_2-container\" class=\"wpforms-field wpforms-field-textarea\" data-field-id=\"2\"><label class=\"wpforms-field-label\" for=\"wpforms-142-field_2\">Budget de construction approximatif : \/ Approximate construction budget :<\/label><textarea id=\"wpforms-142-field_2\" class=\"wpforms-field-medium\" name=\"wpforms[fields][2]\" ><\/textarea><\/div><div id=\"wpforms-142-field_7-container\" class=\"wpforms-field wpforms-field-radio\" data-field-id=\"7\"><label class=\"wpforms-field-label\" for=\"wpforms-142-field_7\">Construction existante ? \/ Existing building ?<\/label><ul id=\"wpforms-142-field_7\"><li class=\"choice-1 depth-1\"><input type=\"radio\" id=\"wpforms-142-field_7_1\" name=\"wpforms[fields][7]\" value=\"Oui\"  ><label class=\"wpforms-field-label-inline\" for=\"wpforms-142-field_7_1\">Oui<\/label><\/li><li class=\"choice-2 depth-1\"><input type=\"radio\" id=\"wpforms-142-field_7_2\" name=\"wpforms[fields][7]\" value=\"Non\"  ><label class=\"wpforms-field-label-inline\" for=\"wpforms-142-field_7_2\">Non<\/label><\/li><\/ul><\/div><div id=\"wpforms-142-field_8-container\" class=\"wpforms-field wpforms-field-radio\" data-field-id=\"8\"><label class=\"wpforms-field-label\" for=\"wpforms-142-field_8\">R\u00e9habilitation int\u00e9rieure \u00e0 faire ? \/ Interior renovation to do ?<\/label><ul id=\"wpforms-142-field_8\"><li class=\"choice-1 depth-1\"><input type=\"radio\" id=\"wpforms-142-field_8_1\" name=\"wpforms[fields][8]\" value=\"Oui\"  ><label class=\"wpforms-field-label-inline\" for=\"wpforms-142-field_8_1\">Oui<\/label><\/li><li class=\"choice-2 depth-1\"><input type=\"radio\" id=\"wpforms-142-field_8_2\" name=\"wpforms[fields][8]\" value=\"Non\"  ><label class=\"wpforms-field-label-inline\" for=\"wpforms-142-field_8_2\">Non<\/label><\/li><\/ul><\/div><div id=\"wpforms-142-field_9-container\" class=\"wpforms-field wpforms-field-radio\" data-field-id=\"9\"><label class=\"wpforms-field-label\" for=\"wpforms-142-field_9\">Sur\u00e9l\u00e9vation ? \/ Heightening?<\/label><ul id=\"wpforms-142-field_9\"><li class=\"choice-1 depth-1\"><input type=\"radio\" id=\"wpforms-142-field_9_1\" name=\"wpforms[fields][9]\" value=\"Oui\"  ><label class=\"wpforms-field-label-inline\" for=\"wpforms-142-field_9_1\">Oui<\/label><\/li><li class=\"choice-2 depth-1\"><input type=\"radio\" id=\"wpforms-142-field_9_2\" name=\"wpforms[fields][9]\" value=\"Non\"  ><label class=\"wpforms-field-label-inline\" for=\"wpforms-142-field_9_2\">Non<\/label><\/li><\/ul><\/div><div id=\"wpforms-142-field_10-container\" class=\"wpforms-field wpforms-field-radio\" data-field-id=\"10\"><label class=\"wpforms-field-label\" for=\"wpforms-142-field_10\">D\u00e9coration int\u00e9rieure ? \/ Interior decoration ?<\/label><ul id=\"wpforms-142-field_10\"><li class=\"choice-1 depth-1\"><input type=\"radio\" id=\"wpforms-142-field_10_1\" name=\"wpforms[fields][10]\" value=\"Oui\"  ><label class=\"wpforms-field-label-inline\" for=\"wpforms-142-field_10_1\">Oui<\/label><\/li><li class=\"choice-2 depth-1\"><input type=\"radio\" id=\"wpforms-142-field_10_2\" name=\"wpforms[fields][10]\" value=\"Non\"  ><label class=\"wpforms-field-label-inline\" for=\"wpforms-142-field_10_2\">Non<\/label><\/li><\/ul><\/div><div id=\"wpforms-142-field_11-container\" class=\"wpforms-field wpforms-field-radio\" data-field-id=\"11\"><label class=\"wpforms-field-label\" for=\"wpforms-142-field_11\">Coordination, pilotage \u00e0 faire ? \/ Coordination, steering to do?<\/label><ul id=\"wpforms-142-field_11\"><li class=\"choice-1 depth-1\"><input type=\"radio\" id=\"wpforms-142-field_11_1\" name=\"wpforms[fields][11]\" value=\"Oui\"  ><label class=\"wpforms-field-label-inline\" for=\"wpforms-142-field_11_1\">Oui<\/label><\/li><li class=\"choice-2 depth-1\"><input type=\"radio\" id=\"wpforms-142-field_11_2\" name=\"wpforms[fields][11]\" value=\"Non\"  ><label class=\"wpforms-field-label-inline\" for=\"wpforms-142-field_11_2\">Non<\/label><\/li><\/ul><\/div><div id=\"wpforms-142-field_12-container\" class=\"wpforms-field wpforms-field-radio\" data-field-id=\"12\"><label class=\"wpforms-field-label\" for=\"wpforms-142-field_12\">Le projet\/ la construction est ? \/ The project construction is ?<\/label><ul id=\"wpforms-142-field_12\"><li class=\"choice-1 depth-1\"><input type=\"radio\" id=\"wpforms-142-field_12_1\" name=\"wpforms[fields][12]\" value=\"de plein pied \/ full foot\"  ><label class=\"wpforms-field-label-inline\" for=\"wpforms-142-field_12_1\">de plein pied \/ full foot<\/label><\/li><li class=\"choice-5 depth-1\"><input type=\"radio\" id=\"wpforms-142-field_12_5\" name=\"wpforms[fields][12]\" value=\"avec \u00e9tage \/ with floor\"  ><label class=\"wpforms-field-label-inline\" for=\"wpforms-142-field_12_5\">avec \u00e9tage \/ with floor<\/label><\/li><li class=\"choice-2 depth-1\"><input type=\"radio\" id=\"wpforms-142-field_12_2\" name=\"wpforms[fields][12]\" value=\"\u00e9tage am\u00e9nageable dans le futur \/ floor to be converted in the future\"  ><label class=\"wpforms-field-label-inline\" for=\"wpforms-142-field_12_2\">\u00e9tage am\u00e9nageable dans le futur \/ floor to be converted in the future<\/label><\/li><li class=\"choice-3 depth-1\"><input type=\"radio\" id=\"wpforms-142-field_12_3\" name=\"wpforms[fields][12]\" value=\"avec un garage \/ with a garage\"  ><label class=\"wpforms-field-label-inline\" for=\"wpforms-142-field_12_3\">avec un garage \/ with a garage<\/label><\/li><li class=\"choice-4 depth-1\"><input type=\"radio\" id=\"wpforms-142-field_12_4\" name=\"wpforms[fields][12]\" value=\"avec un abri-voiture \/ with a carport\"  ><label class=\"wpforms-field-label-inline\" for=\"wpforms-142-field_12_4\">avec un abri-voiture \/ with a carport<\/label><\/li><\/ul><\/div><div id=\"wpforms-142-field_14-container\" class=\"wpforms-field wpforms-field-text\" data-field-id=\"14\"><label class=\"wpforms-field-label\" for=\"wpforms-142-field_14\">Surface approximative de la construction ? \/ Approximate area of \u200b\u200bconstruction ?<\/label><input type=\"text\" id=\"wpforms-142-field_14\" class=\"wpforms-field-medium\" name=\"wpforms[fields][14]\" ><\/div><div id=\"wpforms-142-field_13-container\" class=\"wpforms-field wpforms-field-radio\" data-field-id=\"13\"><label class=\"wpforms-field-label\" for=\"wpforms-142-field_13\">Style de construction ? \/ Style of construction?<\/label><ul id=\"wpforms-142-field_13\"><li class=\"choice-1 depth-1\"><input type=\"radio\" id=\"wpforms-142-field_13_1\" name=\"wpforms[fields][13]\" value=\"contemporaine \/ contemporary\"  ><label class=\"wpforms-field-label-inline\" for=\"wpforms-142-field_13_1\">contemporaine \/ contemporary<\/label><\/li><li class=\"choice-2 depth-1\"><input type=\"radio\" id=\"wpforms-142-field_13_2\" name=\"wpforms[fields][13]\" value=\"rustique \/ rustic\"  ><label class=\"wpforms-field-label-inline\" for=\"wpforms-142-field_13_2\">rustique \/ rustic<\/label><\/li><li class=\"choice-3 depth-1\"><input type=\"radio\" id=\"wpforms-142-field_13_3\" name=\"wpforms[fields][13]\" value=\"luxueuse \/ luxurious\"  ><label class=\"wpforms-field-label-inline\" for=\"wpforms-142-field_13_3\">luxueuse \/ luxurious<\/label><\/li><\/ul><\/div><div id=\"wpforms-142-field_15-container\" class=\"wpforms-field wpforms-field-text\" data-field-id=\"15\"><label class=\"wpforms-field-label\" for=\"wpforms-142-field_15\">Nom de la commune o\u00f9 est situ\u00e9 sur le terrain ? \/ Name of the municipality where is located on the ground?<\/label><input type=\"text\" id=\"wpforms-142-field_15\" class=\"wpforms-field-medium\" name=\"wpforms[fields][15]\" ><\/div><div id=\"wpforms-142-field_16-container\" class=\"wpforms-field wpforms-field-checkbox\" data-field-id=\"16\"><label class=\"wpforms-field-label\" for=\"wpforms-142-field_16\">En lotissement ? \/ In housing estate?<\/label><ul id=\"wpforms-142-field_16\"><li class=\"choice-1 depth-1\"><input type=\"checkbox\" id=\"wpforms-142-field_16_1\" name=\"wpforms[fields][16][]\" value=\"Oui \/ Yes\"  ><label class=\"wpforms-field-label-inline\" for=\"wpforms-142-field_16_1\">Oui \/ Yes<\/label><\/li><li class=\"choice-2 depth-1\"><input type=\"checkbox\" id=\"wpforms-142-field_16_2\" name=\"wpforms[fields][16][]\" value=\"Non \/ No\"  ><label class=\"wpforms-field-label-inline\" for=\"wpforms-142-field_16_2\">Non \/ No<\/label><\/li><\/ul><\/div><div id=\"wpforms-142-field_17-container\" class=\"wpforms-field wpforms-field-text\" data-field-id=\"17\"><label class=\"wpforms-field-label\" for=\"wpforms-142-field_17\">Surface du terrain ? \/ Land area ?<\/label><input type=\"text\" id=\"wpforms-142-field_17\" class=\"wpforms-field-medium\" name=\"wpforms[fields][17]\" ><\/div><div id=\"wpforms-142-field_18-container\" class=\"wpforms-field wpforms-field-checkbox\" data-field-id=\"18\"><label class=\"wpforms-field-label\" for=\"wpforms-142-field_18\">Est-il plat ? \/ Is it flat?<\/label><ul id=\"wpforms-142-field_18\"><li class=\"choice-1 depth-1\"><input type=\"checkbox\" id=\"wpforms-142-field_18_1\" name=\"wpforms[fields][18][]\" value=\"Oui \/ Yes\"  ><label class=\"wpforms-field-label-inline\" for=\"wpforms-142-field_18_1\">Oui \/ Yes<\/label><\/li><li class=\"choice-2 depth-1\"><input type=\"checkbox\" id=\"wpforms-142-field_18_2\" name=\"wpforms[fields][18][]\" value=\"Non \/ No\"  ><label class=\"wpforms-field-label-inline\" for=\"wpforms-142-field_18_2\">Non \/ No<\/label><\/li><\/ul><\/div><div id=\"wpforms-142-field_19-container\" class=\"wpforms-field wpforms-field-text\" data-field-id=\"19\"><label class=\"wpforms-field-label\" for=\"wpforms-142-field_19\">D\u00e9nivel\u00e9 ? Elevation ?<\/label><input type=\"text\" id=\"wpforms-142-field_19\" class=\"wpforms-field-medium\" name=\"wpforms[fields][19]\" ><\/div><div id=\"wpforms-142-field_20-container\" class=\"wpforms-field wpforms-field-checkbox\" data-field-id=\"20\"><label class=\"wpforms-field-label\" for=\"wpforms-142-field_20\">Bois\u00e9 ? \/ Woody ?<\/label><ul id=\"wpforms-142-field_20\"><li class=\"choice-1 depth-1\"><input type=\"checkbox\" id=\"wpforms-142-field_20_1\" name=\"wpforms[fields][20][]\" value=\"Oui \/ Yes\"  ><label class=\"wpforms-field-label-inline\" for=\"wpforms-142-field_20_1\">Oui \/ Yes<\/label><\/li><li class=\"choice-2 depth-1\"><input type=\"checkbox\" id=\"wpforms-142-field_20_2\" name=\"wpforms[fields][20][]\" value=\"Non \/ No\"  ><label class=\"wpforms-field-label-inline\" for=\"wpforms-142-field_20_2\">Non \/ No<\/label><\/li><\/ul><\/div><\/div><div class=\"wpforms-submit-container\"><input type=\"hidden\" name=\"wpforms[id]\" value=\"142\"><input type=\"hidden\" name=\"wpforms[author]\" value=\"1\"><button type=\"submit\" name=\"wpforms[submit]\" id=\"wpforms-submit-142\" class=\"wpforms-submit\" data-alt-text=\"Envoi...\" data-submit-text=\"Envoyer\" aria-live=\"assertive\" value=\"wpforms-submit\">Envoyer<\/button><img decoding=\"async\" loading=\"lazy\" src=\"https:\/\/montanhasprismas.com\/wp-content\/plugins\/wpforms-lite\/assets\/images\/submit-spin.svg\" class=\"wpforms-submit-spinner\" style=\"display: none;\" width=\"26\" height=\"26\" alt=\"Chargement en cours\"><\/div><\/form><\/div>  <!-- .wpforms-container -->\t\t<\/div>\n\t\t\t\t<\/div>\n\t\t\t\t\t<\/div>\n\t\t<\/div>\n\t\t\t\t\t\t\t<\/div>\n\t\t<\/section>\n\t\t\t\t\t\t\t<\/div>\n\t\t","protected":false},"excerpt":{"rendered":"","protected":false},"author":1,"featured_media":0,"parent":0,"menu_order":0,"comment_status":"closed","ping_status":"closed","template":"elementor_header_footer","meta":[],"_links":{"self":[{"href":"https:\/\/montanhasprismas.com\/index.php?rest_route=\/wp\/v2\/pages\/38"}],"collection":[{"href":"https:\/\/montanhasprismas.com\/index.php?rest_route=\/wp\/v2\/pages"}],"about":[{"href":"https:\/\/montanhasprismas.com\/index.php?rest_route=\/wp\/v2\/types\/page"}],"author":[{"embeddable":true,"href":"https:\/\/montanhasprismas.com\/index.php?rest_route=\/wp\/v2\/users\/1"}],"replies":[{"embeddable":true,"href":"https:\/\/montanhasprismas.com\/index.php?rest_route=%2Fwp%2Fv2%2Fcomments&post=38"}],"version-history":[{"count":4,"href":"https:\/\/montanhasprismas.com\/index.php?rest_route=\/wp\/v2\/pages\/38\/revisions"}],"predecessor-version":[{"id":148,"href":"https:\/\/montanhasprismas.com\/index.php?rest_route=\/wp\/v2\/pages\/38\/revisions\/148"}],"wp:attachment":[{"href":"https:\/\/montanhasprismas.com\/index.php?rest_route=%2Fwp%2Fv2%2Fmedia&parent=38"}],"curies":[{"name":"wp","href":"https:\/\/api.w.org\/{rel}","templated":true}]}}